 Is m a multiple of 13?
True
Suppose 6*r - 30 = r. Let h be (4/5)/(r/15). Is h/(-8) - 1491/(-28) a multiple of 14?
False
Let d = -23 - -27. Suppose d*h - 8*h + 32 = -4*y, -4*h + 47 = y. Is h a multiple of 4?
False
Let t(z) = 2*z**2 + 94*z + 84. Is t(-48) a multiple of 10?
True
Suppose 2*u - 96 = -c, 15*u - 480 = -5*c + 10*u. Does 8 divide c?
True
Let y(v) = -55*v - 1. Suppose -2*n + 6*n - 4 = 2*o, -2*n + 3*o = 6. Suppose 2*w - 6 = 5*g + 3, 5*g - n = -4*w. Is y(g) a multiple of 18?
True
Suppose 0 = -27*h + 31*h + 8, 2*w = 3*h + 672. Is w a multiple of 26?
False
Let d be (4 - (-44)/(-12))*111. Suppose 41*r - 120 = d*r. Does 5 divide r?
True
Let t = -109 + 64. Let g = t - -122. Is g a multiple of 12?
False
Let s(m) = 2*m**2 + 11*m + 19. Let j be s(-8). Suppose -j = -i - 19. Does 7 divide i?
False
Let m(v) = 23*v + 210. Is m(-6) a multiple of 30?
False
Is 7 a factor of (-2 + (-2 - -2))*(-1911)/14?
True
Suppose -5*u + 10 = -6*h + 3*h, -h - 1 = -4*u. Let i = u + 0. Is 14 a factor of 405/(-5)*i/3?
False
Let u = 423 - -1425. Does 24 divide u?
True
Let g(d) = -d - 2 - d**3 - 3 + 1 + 3 + 4*d**2. Let n = -26 + 29. Is 3 a factor of g(n)?
False
Let p = 2952 + -2664. Does 16 divide p?
True
Let v(q) = -54*q + 37. Let h(l) = -27*l + 18. Let t(p) = -13*h(p) + 6*v(p). Is t(5) a multiple of 17?
False
Let i(y) = y**3 + 10*y**2 + 9*y + 3. Let l be i(-9). Suppose -4 + 0 = l*x + 5*p, -5*x + 8 = p. Let a = 10 - x. Is 4 a factor of a?
True
Suppose -n - 4*n = -s + 82, -2*s + 84 = -5*n. Is 21 a factor of (n/(-40))/(1/235)?
False
Suppose -6*y + 15 = -3*y. Suppose y*x = 5*r + 15, -r + 35 = 4*r + 5*x. Suppose -t + 4*t = 4*n + 60, 5*t - 74 = -r*n. Is t a multiple of 10?
False
Suppose 4*d = 1 - 21. Let w be 0/(2/(d/(-5))). Suppose y + 0*z - 14 = 2*z, 4*y - 5*z - 56 = w. Is 7 a factor of y?
True
Let f(u) = 34*u + 1083. Does 28 divide f(35)?
False
Let x(w) = 2*w**2 - 10*w + 24. Let a be x(6). Let j = a - 25. Does 2 divide j?
False
Suppose 53*l - 62*l + 1530 = 0. Is l a multiple of 10?
True
Is 8 a factor of 4/(-6) + (-4144)/105*-10?
False
Let q(w) = w**2 + 3*w - 48. Is q(-14) a multiple of 24?
False
Is (-2)/(-1) - (-17868)/6 a multiple of 20?
True
Let x(a) = a**3 - 4*a**2 + a + 84. Let q be x(0). Let v = -79 + q. Is v a multiple of 3?
False
Let a = -2004 - -2888. Is 34 a factor of a?
True
Suppose -29*p + 9 = -26*p. Suppose -p*d + 45 = k + k, -k + 18 = -3*d. Does 7 divide k?
True
Let j(o) be the second derivative of -2*o**3/3 - 45*o**2 + 29*o. Is 3 a factor of j(-28)?
False
Is (-12)/(-18) + 5558/42 even?
False
Let r(k) = 11*k**2 - 15*k + 1. Is 77 a factor of r(-9)?
False
Suppose -155*v + 158*v = 1764. Is 42 a factor of v?
True
Let q(a) = -a**3 + 7*a + 101. Is 6 a factor of q(0)?
False
Let v(p) = -p**3 + 21*p**2 - 20*p + 30. Is 12 a factor of v(19)?
True
Let x = 8 - 14. Let o(u) be the first derivative of 2*u**3/3 + 7*u**2/2 - 6*u - 8. Is o(x) a multiple of 12?
True
Suppose 0 = 3*i + 12, -4*b + 2*i + 8 = 4. Is ((-22)/6)/(b + (-25)/(-30)) a multiple of 11?
True
Let b = -49 - -58. Is 7 a factor of b?
False
Let s(m) be the third derivative of -m**5/60 + m**4/3 - m**3/3 + 13*m**2 - 4. Let b be (-38)/(-6) + (-2)/6. Is 6 a factor of s(b)?
False
Let o = 2 + -6. Suppose 3*w - 81 = -3*b, b = 5*w - 2*b - 111. Let u = w + o. Is u a multiple of 20?
True
Suppose 3*p - 2*p + w - 60 = 0, 72 = p + 4*w. Suppose -257 = -57*h + p*h. Is 18 a factor of h?
False
Let i = -208 + 475. Is i a multiple of 13?
False
Suppose -31*b + 3975 = -6*b. Does 7 divide b?
False
Is 76 a factor of (-1)/(56/(-5776))*(11 + 3)?
True
Let g be 0/((-4)/(-6 - -2)). Let p = g - -24. Is (8/(-6))/((-1)/p) a multiple of 12?
False
Let p(c) = 4*c**2 + 4*c + 6. Let q be (-3)/(-2)*(-8)/(-3). Suppose -q = -29*i + 30*i. Is 18 a factor of p(i)?
True
Let i be (-212)/(-7) + 12/(-42). Suppose -10 + i = 4*g. Let j(x) = -x**3 + 6*x**2 - 3*x - 4. Is j(g) a multiple of 6?
True
Let b = 1019 - 517. Is 17 a factor of b?
False
Let w = 1622 + -887. Is 21 a factor of w?
True
Suppose -4*f - 2*y + 96 = -6*y, 2*f + 2*y - 60 = 0. Suppose 0 = -5*i + 5*o + 165, 5*o - f = -5*i + 128. Does 16 divide i?
True
Suppose 141 = -3*d + 5*v, 5*d - 6*v = -2*v - 222. Let z = 86 + d. Is 44 a factor of z?
True
Suppose -4*w + 6*w = 42. Is 2 a factor of w?
False
Suppose -4*c + 24 = 8. Suppose -3*m + 219 = 3*u, 14 = -5*u + c. Does 25 divide m?
True
Let c be 3/9 + 1340/12. Let s(j) = j - 6. Let d be s(6). Suppose d = -3*x + 32 + c. Does 16 divide x?
True
Let a = 1277 - 541. Is a a multiple of 62?
False
Suppose -23 = 3*x + 4. Is 13 a factor of 2/(-4) + 3*x/(-2)?
True
Does 12 divide 222*(30/(-60))/((-2)/6)?
False
Let k be 2 + (10*11)/1. Suppose 8*l + k = l. Let z = l - -32. Is 4 a factor of z?
True
Suppose 2*c = -2, 2*b + 0*b = 3*c - 141. Let w = 49 - 152. Let o = b - w. Is 31 a factor of o?
True
Let s be 8/(33/6 - 5). Suppose 450 = 21*v - s*v. Is 5 a factor of v?
True
Let b = -273 - -280. Let r(p) = -15 - 4*p + 5*p + 9*p. Does 11 divide r(b)?
True
Is (-3)/(-9)*2/(-2)*-624 a multiple of 7?
False
Let d(w) = w**2 + 7*w - 5. Let n be d(-7). Let h(j) = -5*j - 5. Let s be h(n). Suppose 0 = -7*q + s + 155. Is 11 a factor of q?
False
Let p(v) = v**3 - 3*v**2 + 4*v - 4. Let a be p(2). Suppose a = -4*o + 269 + 55. Does 9 divide o?
True
Let c = -2 - -6. Suppose 0 = 3*w - 410 - c. Let x = -94 + w. Does 14 divide x?
False
Let u = -1004 - -2435. Is u a multiple of 9?
True
Let h = 10 - 4. Let g(t) = t**3 - 6*t**2 + 3*t - 15. Does 2 divide g(h)?
False
Let z(c) be the first derivative of -c**3 - 3*c**2/2 - 3*c + 3. Let p be z(-2). Let f = -3 - p. Is 5 a factor of f?
False
Does 2 divide (-28008)/(-504) - (-6)/14?
True
Suppose 43*k = 7*k + 25092. Does 27 divide k?
False
Let z = 53 - 50. Suppose -74 = -5*o - z*g, -20 + 3 = -2*o + 3*g. Is 4 a factor of o?
False
Let n = 895 - 637. Does 13 divide n?
False
Suppose 4*f + 8 = 2*f. Let i = f + 0. Let m = i + 13. Is 3 a factor of m?
True
Let t(h) = 0*h**3 + 4*h**2 - h**3 + 0*h**3. Let z be t(4). Suppose f + 48 = 4*n, z = -n + 3*f + 10 + 13. Does 10 divide n?
False
Let q(b) = 7*b + 7. Let v(h) = 20*h + 20. Let i(x) = -17*q(x) + 6*v(x). Let j be i(2). Suppose 20 = j*p - 220. Is p a multiple of 18?
False
Let r = -972 + 1848. Is r a multiple of 31?
False
Let l(q) = -2*q + 11*q - q**3 + 2 - 7*q**2 - q**2. Let i be l(-9). Let j(g) = 5*g**3 - 2*g**2 - 2. Does 8 divide j(i)?
False
Suppose -3*i + 75 = -225. Suppose 0*z + i = 5*z. Let y = z - 11. Is 3 a factor of y?
True
Let z = 95 - -129. Is 12 a factor of z?
False
Let l(s) = -s**2 + 10*s + 15. Let d be l(11). Suppose -3*o - 4 + 26 = -5*y, -o = d*y - 30. Is o a multiple of 3?
False
Let d be (45/(-10) + 3)*36. Let a = 103 + d. Is 7 a factor of a?
True
Suppose -8*k + 11*k = 420. Suppose z = j + 4*z + 40, -5*j - 3*z = k. Is 11 a factor of -1 + j/(-1) + 2?
False
Suppose z = 6 - 4. Does 15 divide 1*-2*(-37 - z)?
False
Suppose 12*w - 14*w + 6 = 0. Suppose 0*y - 24 = -2*i - 3*y, -4*i - w*y = -54. Is 9 a factor of i?
False
Let o(s) = -9*s**3 - s**2 + 5*s + 5. Let b be o(-2). Let p be (-1 + 0)*1 + 46. Let m = b - p. Is 5 a factor of m?
False
Let x be (-2)/(-3) + 56/24. Suppose 0 = 3*w + 15, x*f + 0*w + 2*w + 1 = 0. Suppose -72 = -2*b + f*h + 20, 3*b - 5*h = 138. Is b a multiple of 23?
True
Let v(y) = -y**3 + 10*y**2 + 11*y - 1. Let r be v(8). Suppose 14*s = 79 + r. Does 21 divide s?
True
Suppose 61*z = 69*z - 1728. Does 9 divide z?
True
Let s(b) = b**3 - 2*b**2 - 3*b + 1. Let d = -6 - -11. Is s(d) a multiple of 37?
False
Is 26 a factor of ((-789)/2 - -1)*(-116 + 114)?
False
Does 39 divide (-1564)/(-10) - (-6)/(-15)?
True
Let m(c) = 78*c**2 + 3*c + 4. Let a be m(-1). Let g = a + 185. Is 22 a factor of g?
True
Let x = 3 + -1. Let a(s) = 34 + 5*s**3 + x*s**3 + s**2 - 6*s**3 - s. Does 11 divide a(0)?
False
Let r be (36/20)/(1 + 16/(-20)). Suppose -2*j - 756 = -r*j. Is 12 a factor of j?
True
Suppose -3*x - x = z - 19, 0 = 2*x - 5*z + 7. Let d be (-2 - (1 - x))*2. Suppose 2*f + 2*q + q - 42 = 0, -4*f - d*q = -84. Is f a multiple of 7?
True
Let z = 6 - 3. Suppose -a - z = -1. Does 13 divide (2/6)/(a/(-156))?
True
Suppose 5*m - 5 = -15. Let l(p) = 3*p**3 + 2*p**2 - 4. Let u be l(m). Let w = u + 44. Does 6 divide w?
True
Suppose 11*l - 540 = l. Suppose 0 = l*v - 52*v - 120. Is v a multiple of 10?
True
Let y(q) = 2*q**2 - 20*